{"id":162,"date":"2019-12-07T11:24:44","date_gmt":"2019-12-07T10:24:44","guid":{"rendered":"http:\/\/ufvzwnd.cluster027.hosting.ovh.net\/index.php\/blog-2\/"},"modified":"2025-04-28T13:09:24","modified_gmt":"2025-04-28T11:09:24","slug":"blog-2","status":"publish","type":"page","link":"https:\/\/workingvisually.it\/index.php\/blog-2\/","title":{"rendered":"Blog"},"content":{"rendered":"\t\t<div data-elementor-type=\"wp-page\" data-elementor-id=\"162\" class=\"elementor elementor-162\">\n\t\t\t\t\t\t<section class=\"elementor-section elementor-top-section elementor-element elementor-element-bec4d8b elementor-section-boxed elementor-section-height-default elementor-section-height-default\" data-id=\"bec4d8b\" data-element_type=\"section\" data-e-type=\"section\">\n\t\t\t\t\t\t<div class=\"elementor-container elementor-column-gap-no\">\n\t\t\t\t\t<div class=\"aux-parallax-section elementor-column elementor-col-100 elementor-top-column elementor-element elementor-element-5eedba9\" data-id=\"5eedba9\" data-element_type=\"column\" data-e-type=\"column\">\n\t\t\t<div class=\"elementor-widget-wrap elementor-element-populated\">\n\t\t\t\t\t\t<div class=\"elementor-element elementor-element-6757dba elementor-widget elementor-widget-text-editor\" data-id=\"6757dba\" data-element_type=\"widget\" data-e-type=\"widget\" data-widget_type=\"text-editor.default\">\n\t\t\t\t<div class=\"elementor-widget-container\">\n\t\t\t\t\t\t\t\t\t<h4>Riflessioni ed esperienze su pensiero visivo, disegno, <br \/>innovazione, creativit\u00e0, immaginazione.<\/h4>\t\t\t\t\t\t\t\t<\/div>\n\t\t\t\t<\/div>\n\t\t\t\t<div class=\"elementor-element elementor-element-cd557a5 elementor-widget elementor-widget-aux_recent_posts\" data-id=\"cd557a5\" data-element_type=\"widget\" data-e-type=\"widget\" data-settings=\"{&quot;columns&quot;:&quot;3&quot;,&quot;columns_tablet&quot;:&quot;inherit&quot;,&quot;columns_mobile&quot;:&quot;1&quot;}\" data-widget_type=\"aux_recent_posts.default\">\n\t\t\t\t<div class=\"elementor-widget-container\">\n\t\t\t\t\t<section class=\"widget-container aux-widget-recent-posts aux-parent-aub581b2bc\"><div data-element-id=\"aub581b2bc\" class=\"aux-match-height aux-row aux-de-col3 aux-tb-col3 aux-mb-col1 aux-total-3 aux-no-meta aux-ajax-view  \"><div class=\"aux-col post-843\">\n                        <article class=\"post column-entry post-843 type-post status-publish format-standard has-post-thumbnail hentry category-blog-wv\">\n                                                        <div class=\"entry-media\"><div class=\"aux-media-frame aux-media-image aux-image-mask\"><a href=\"https:\/\/workingvisually.it\/index.php\/2025\/04\/28\/non-ce-innovazione-senza-immaginazione-2\/\"><img decoding=\"async\" src=\"https:\/\/workingvisually.it\/wp-content\/uploads\/2021\/04\/inno-senza-immaginazione-2-scaled-637x478.jpg\" class=\"aux-attachment aux-featured-image attachment-636.66666666667x477.5 aux-attachment-id-835 \" alt=\"inno-senza-immaginazione-2\" srcset=\"https:\/\/workingvisually.it\/wp-content\/uploads\/2021\/04\/inno-senza-immaginazione-2-scaled-150x113.jpg 150w,https:\/\/workingvisually.it\/wp-content\/uploads\/2021\/04\/inno-senza-immaginazione-2-scaled-300x225.jpg 300w,https:\/\/workingvisually.it\/wp-content\/uploads\/2021\/04\/inno-senza-immaginazione-2-scaled-768x576.jpg 768w,https:\/\/workingvisually.it\/wp-content\/uploads\/2021\/04\/inno-senza-immaginazione-2-scaled-1024x768.jpg 1024w,https:\/\/workingvisually.it\/wp-content\/uploads\/2021\/04\/inno-senza-immaginazione-2-scaled-637x478.jpg 637w,https:\/\/workingvisually.it\/wp-content\/uploads\/2021\/04\/inno-senza-immaginazione-2-scaled-2550x1912.jpg 2550w\" data-ratio=\"1.33\" data-original-w=\"2560\" sizes=\"(max-width:479px) 480px,(max-width:767px) 768px,(max-width:1023px) 1024px,637px\" \/><\/a><\/div><\/div>\n                            \n                            <div class=\"entry-main\">\n                                                        \n                                <header class=\"entry-header\">\n                                \n                                    <h4 class=\"entry-title\">\n                                        <a href=\"https:\/\/workingvisually.it\/index.php\/2025\/04\/28\/non-ce-innovazione-senza-immaginazione-2\/\">\n                                            Non c&#8217;\u00e8 innovazione senza immaginazione                                        <\/a>\n                                    <\/h4>\n                                                                    <div class=\"entry-format\">\n                                        <a href=\"https:\/\/workingvisually.it\/index.php\/2025\/04\/28\/non-ce-innovazione-senza-immaginazione-2\/\">\n                                            <div class=\"post-format format-\"> <\/div>\n                                        <\/a>\n                                    <\/div>\n                                <\/header>\n                                                            \n                                <div class=\"entry-info\">\n                                                                    <div class=\"entry-date\">\n                                        <a href=\"https:\/\/workingvisually.it\/index.php\/2025\/04\/28\/non-ce-innovazione-senza-immaginazione-2\/\">\n                                            <time datetime=\"2025-04-28T13:09:10+02:00\" title=\"2025-04-28T13:09:10+02:00\" >28 Aprile 2025<\/time>\n                                        <\/a>\n                                    <\/div>\n                                                                                                                                                                                                        <\/div>\n                            \n                                                            <div class=\"entry-content\">\n                                                                            <p>Cosa vuol dire, davvero, \"innovazione\"?&nbsp;\n\u00c8 la parola che incontro di pi\u00f9 negli articoli che leggo sul tema l ...<\/p><div class=\"clear\"><\/div>                                <\/div>\n                                                        \n                            <\/div>\n\n                        <\/article>\n<\/div><div class=\"aux-col post-5914\">\n                        <article class=\"post column-entry post-5914 type-post status-publish format-standard has-post-thumbnail hentry category-blog-wv\">\n                                                        <div class=\"entry-media\"><div class=\"aux-media-frame aux-media-image aux-image-mask\"><a href=\"https:\/\/workingvisually.it\/index.php\/2025\/04\/27\/i-vantaggi-del-disegnare-al-lavoro\/\"><img decoding=\"async\" src=\"https:\/\/workingvisually.it\/wp-content\/uploads\/2025\/03\/image-637x478.png\" class=\"aux-attachment aux-featured-image attachment-636.66666666667x477.5 aux-attachment-id-5916 \" alt=\"image\" srcset=\"https:\/\/workingvisually.it\/wp-content\/uploads\/2025\/03\/image-150x113.png 150w,https:\/\/workingvisually.it\/wp-content\/uploads\/2025\/03\/image-300x225.png 300w,https:\/\/workingvisually.it\/wp-content\/uploads\/2025\/03\/image-768x576.png 768w,https:\/\/workingvisually.it\/wp-content\/uploads\/2025\/03\/image-1024x768.png 1024w,https:\/\/workingvisually.it\/wp-content\/uploads\/2025\/03\/image-637x478.png 637w,https:\/\/workingvisually.it\/wp-content\/uploads\/2025\/03\/image-1405x1053.png 1405w\" data-ratio=\"1.33\" data-original-w=\"1415\" sizes=\"(max-width:479px) 480px,(max-width:767px) 768px,(max-width:1023px) 1024px,637px\" \/><\/a><\/div><\/div>\n                            \n                            <div class=\"entry-main\">\n                                                        \n                                <header class=\"entry-header\">\n                                \n                                    <h4 class=\"entry-title\">\n                                        <a href=\"https:\/\/workingvisually.it\/index.php\/2025\/04\/27\/i-vantaggi-del-disegnare-al-lavoro\/\">\n                                            I vantaggi del disegnare al lavoro                                        <\/a>\n                                    <\/h4>\n                                                                    <div class=\"entry-format\">\n                                        <a href=\"https:\/\/workingvisually.it\/index.php\/2025\/04\/27\/i-vantaggi-del-disegnare-al-lavoro\/\">\n                                            <div class=\"post-format format-\"> <\/div>\n                                        <\/a>\n                                    <\/div>\n                                <\/header>\n                                                            \n                                <div class=\"entry-info\">\n                                                                    <div class=\"entry-date\">\n                                        <a href=\"https:\/\/workingvisually.it\/index.php\/2025\/04\/27\/i-vantaggi-del-disegnare-al-lavoro\/\">\n                                            <time datetime=\"2025-04-27T18:22:32+02:00\" title=\"2025-04-27T18:22:32+02:00\" >27 Aprile 2025<\/time>\n                                        <\/a>\n                                    <\/div>\n                                                                                                                                                                                                        <\/div>\n                            \n                                                            <div class=\"entry-content\">\n                                                                            <p>\n                                        <p>La pratica del disegno \u00e8 rimossa ed esclusa dal mondo del lavoro: voglio provare a spiegare perch\u00e9 e come, invece, possa essere utile anche in ufficio.<\/p>\n                                        <\/p>                                <\/div>\n                                                        \n                            <\/div>\n\n                        <\/article>\n<\/div><div class=\"aux-col post-633\">\n                        <article class=\"post column-entry post-633 type-post status-publish format-standard has-post-thumbnail hentry category-blog-wv\">\n                                                        <div class=\"entry-media\"><div class=\"aux-media-frame aux-media-image aux-image-mask\"><a href=\"https:\/\/workingvisually.it\/index.php\/2021\/04\/13\/costruire-un-linguaggio-visivo\/\"><img decoding=\"async\" src=\"https:\/\/workingvisually.it\/wp-content\/uploads\/2021\/04\/alfabeti-WV-1-scaled-637x478.jpg\" class=\"aux-attachment aux-featured-image attachment-636.66666666667x477.5 aux-attachment-id-554 \" alt=\"alfabeti-WV\" srcset=\"https:\/\/workingvisually.it\/wp-content\/uploads\/2021\/04\/alfabeti-WV-1-scaled-150x113.jpg 150w,https:\/\/workingvisually.it\/wp-content\/uploads\/2021\/04\/alfabeti-WV-1-scaled-300x225.jpg 300w,https:\/\/workingvisually.it\/wp-content\/uploads\/2021\/04\/alfabeti-WV-1-scaled-768x576.jpg 768w,https:\/\/workingvisually.it\/wp-content\/uploads\/2021\/04\/alfabeti-WV-1-scaled-1024x768.jpg 1024w,https:\/\/workingvisually.it\/wp-content\/uploads\/2021\/04\/alfabeti-WV-1-scaled-637x478.jpg 637w,https:\/\/workingvisually.it\/wp-content\/uploads\/2021\/04\/alfabeti-WV-1-scaled-2550x1912.jpg 2550w\" data-ratio=\"1.33\" data-original-w=\"2560\" sizes=\"(max-width:479px) 480px,(max-width:767px) 768px,(max-width:1023px) 1024px,637px\" \/><\/a><\/div><\/div>\n                            \n                            <div class=\"entry-main\">\n                                                        \n                                <header class=\"entry-header\">\n                                \n                                    <h4 class=\"entry-title\">\n                                        <a href=\"https:\/\/workingvisually.it\/index.php\/2021\/04\/13\/costruire-un-linguaggio-visivo\/\">\n                                            Costruire un linguaggio visivo                                        <\/a>\n                                    <\/h4>\n                                                                    <div class=\"entry-format\">\n                                        <a href=\"https:\/\/workingvisually.it\/index.php\/2021\/04\/13\/costruire-un-linguaggio-visivo\/\">\n                                            <div class=\"post-format format-\"> <\/div>\n                                        <\/a>\n                                    <\/div>\n                                <\/header>\n                                                            \n                                <div class=\"entry-info\">\n                                                                    <div class=\"entry-date\">\n                                        <a href=\"https:\/\/workingvisually.it\/index.php\/2021\/04\/13\/costruire-un-linguaggio-visivo\/\">\n                                            <time datetime=\"2021-04-13T23:11:25+02:00\" title=\"2021-04-13T23:11:25+02:00\" >13 Aprile 2021<\/time>\n                                        <\/a>\n                                    <\/div>\n                                                                                                                                                                                                        <\/div>\n                            \n                                                            <div class=\"entry-content\">\n                                                                            <p>\n                                        <p>I vantaggi di avere un linguaggio visivo specifico, interno all&#8217;azienda, per arricchire la comunicazione.<\/p>\n                                        <\/p>                                <\/div>\n                                                        \n                            <\/div>\n\n                        <\/article>\n<\/div><\/div><\/section><!-- widget-container -->\t\t\t\t<\/div>\n\t\t\t\t<\/div>\n\t\t\t\t\t<\/div>\n\t\t<\/div>\n\t\t\t\t\t<\/div>\n\t\t<\/section>\n\t\t\t\t<\/div>\n\t\t","protected":false},"excerpt":{"rendered":"<p>Riflessioni ed esperienze su pensiero visivo, disegno, innovazione, creativit\u00e0, immaginazione. Non c&#8217;\u00e8 innovazione senza immaginazione 28 Aprile 2025 | Edit Cosa vuol dire, davvero, &#8220;innovazione&#8221;?&nbsp; \u00c8 la parola che incontro di pi\u00f9 negli articoli che leggo sul tema l &#8230; I vantaggi del disegnare al lavoro 27 Aprile 2025 | Edit La pratica del disegno [&hellip;]<\/p>\n","protected":false},"author":1,"featured_media":0,"parent":0,"menu_order":0,"comment_status":"closed","ping_status":"closed","template":"templates\/page-builder-content.php","meta":{"footnotes":""},"class_list":["post-162","page","type-page","status-publish","hentry"],"aioseo_notices":[],"_links":{"self":[{"href":"https:\/\/workingvisually.it\/index.php\/wp-json\/wp\/v2\/pages\/162","targetHints":{"allow":["GET"]}}],"collection":[{"href":"https:\/\/workingvisually.it\/index.php\/wp-json\/wp\/v2\/pages"}],"about":[{"href":"https:\/\/workingvisually.it\/index.php\/wp-json\/wp\/v2\/types\/page"}],"author":[{"embeddable":true,"href":"https:\/\/workingvisually.it\/index.php\/wp-json\/wp\/v2\/users\/1"}],"replies":[{"embeddable":true,"href":"https:\/\/workingvisually.it\/index.php\/wp-json\/wp\/v2\/comments?post=162"}],"version-history":[{"count":10,"href":"https:\/\/workingvisually.it\/index.php\/wp-json\/wp\/v2\/pages\/162\/revisions"}],"predecessor-version":[{"id":6102,"href":"https:\/\/workingvisually.it\/index.php\/wp-json\/wp\/v2\/pages\/162\/revisions\/6102"}],"wp:attachment":[{"href":"https:\/\/workingvisually.it\/index.php\/wp-json\/wp\/v2\/media?parent=162"}],"curies":[{"name":"wp","href":"https:\/\/api.w.org\/{rel}","templated":true}]}}